b + 17 = 0, -q = -3*u + 2*b. What is the units digit of u?
8
Suppose -3*d + 7378 = 4*d. What is the tens digit of d?
5
What is the units digit of 390 + 2 - (-16 - -11)?
7
Let k(j) be the first derivative of j**3/3 + 9*j**2/2 + 10*j + 2. Let x be k(-8). Suppose 0 = -x*w + 6 + 2. What is the units digit of w?
4
Suppose 0 = -10*n + 2325 + 5395. What is the units digit of n?
2
Let b = -47 - -43. Let x(r) = -34*r - 25. What is the tens digit of x(b)?
1
Let d = -345 - -708. What is the tens digit of d?
6
Suppose -3*w = -3*s + 3, -w + 26 = 5*s + 9. Suppose -5*t + 585 = -4*g, 5*t + w*g = 239 + 346. What is the tens digit of t?
1
Suppose 2*q = 4*r + 24, r - 11 - 4 = -3*q. Let o be (q/4 - 1)*0. Suppose -3*k + 4*g = -64, -5*k - 4*g - g + 130 = o. What is the units digit of k?
4
Let t = -6736 - -9648. What is the hundreds digit of t?
9
Let z be ((-12)/16)/(3/(-12)). Suppose v + 8*w + 22 = z*w, w = -3*v + 4. Suppose v*g + 21 = 105. What is the units digit of g?
8
Suppose -5*n + 0*x + 2*x + 65 = 0, -4*x + 20 = 0. Suppose 0 = -3*f - 3 + n. Suppose f*v - 7*v + 33 = 2*k, 5*v + 3*k - 56 = 0. What is the tens digit of v?
1
Suppose 2*f + 0*f - 60 = 0. Let u(m) = m + 5. Let b be u(-5). Let t = f + b. What is the units digit of t?
0
Let o(q) be the first derivative of 2*q**2 - 10*q + 6. Let z be o(-11). Let t = -29 - z. What is the units digit of t?
5
Suppose d + 3 = 10. Let w(n) = -n**2 + 10*n + 8. What is the units digit of w(d)?
9
Let y(b) = -b**2 - b. Let f(p) = -p**3 - 6*p**2 - 6*p - 6. Let i be f(-5). Let t be y(i). Suppose t = -2*z + 11 + 21. What is the units digit of z?
6
Let r(q) = 276*q - 1. Let f be r(1). Suppose 0 = -5*k + n + 445, 2*k + n = -k + f. What is the units digit of k?
0
Let y(n) = 4*n**2 - 41*n + 59. What is the hundreds digit of y(27)?
8
Suppose -3*l + 57 + 63 = -5*u, 4*l = 3*u + 160. Suppose 4*w = 2*c - c + 126, l = w + 4*c. Suppose 3*z = -14 + w. What is the units digit of z?
6
Let l = 2479 - 585. What is the thousands digit of l?
1
Suppose -2*w + 5*w + 4*o - 4 = 0, -4*w + 5*o = -26. Suppose 3 = h - 2. Suppose 0 = 5*u - w*a - 164, h*a - 3*a + 100 = 3*u. What is the tens digit of u?
3
Let i(c) = -2*c**3 - 27*c**2 + 5*c + 34. Let z be i(-14). Suppose -14 = 4*q - 34. Suppose 0*m - q*m = -z. What is the units digit of m?
2
Let u = -1699 - -2647. What is the tens digit of u?
4
Let d(i) = -i**3 - 2*i**2 + 9*i + 1. Let k be d(-4). What is the tens digit of 29 + 2*k/(-12)*-6?
2
Let m = 39 - -9. Suppose 2*u - 3 = -c, -2*c = 2*c - 4*u - m. What is the units digit of c?
9
Let w be 37 + (2 - -2 - 3). Let u = 22 + w. Suppose 18 + u = 2*c. What is the units digit of c?
9
Suppose -2*t = 2*t - 16. Suppose 0 = -w - t*o - 0*o + 43, -3*w - 4*o = -105. Suppose 3 - 1 = y, -w = -3*z - 2*y. What is the units digit of z?
9
Let p be (322/7)/(-1 - 1). Let d = p - -55. What is the units digit of d?
2
Let d = -19 - -6. Let w = 39 + d. What is the units digit of w?
6
Let c be ((64/(-6))/4)/(3/(-72)). Suppose -2*j - 3*r + c = 2*r, -j - 2*r = -32. What is the units digit of j?
2
Suppose 0 = -i - 2*i + 66. Let x be 152/10 - (48/15 - 3). Let c = i - x. What is the units digit of c?
7
Let x(o) = -o**3 - o**2 - o - 3. Let w be x(-3). Suppose 0 = 4*i - w - 6. Suppose -265 = -i*u - 31. What is the units digit of u?
9
Let i be 30/(-9)*(0 - (-18)/(-15)). What is the tens digit of (-51)/i*32/(-4)?
0
Let o(n) = n**2 - 8*n + 959. What is the units digit of o(0)?
9
Let d(t) = -2*t**3 - 2*t**2 - 3*t + 1220. What is the thousands digit of d(0)?
1
Let j(d) = -3*d - 33. Let p(l) = -l**2 + 4*l - 12. Let h be p(5). What is the tens digit of j(h)?
1
Suppose 0 = -4*s + 2*g + 366, -3*s - 4*g + 3*g + 287 = 0. Suppose -4*h + 57 - 277 = -4*r, 0 = -2*r - 2*h + s. What is the tens digit of r?
5
Let n(m) be the second derivative of m**5/10 - m**4/12 - m**3/2 + 3*m**2/2 + 12*m. What is the tens digit of n(3)?
3
What is the tens digit of ((-12837)/(-44))/(9/12)?
8
Suppose 0 = u + 1 + 1. Let k be 51/3 - u - 2. Suppose o - k = 9. What is the units digit of o?
6
Let b = 467 + -155. Let a = b + -185. What is the hundreds digit of a?
1
Suppose -2*l - 36 = -5*l. Suppose -r - r + l = 0. Suppose -2*t + r*t = 64. What is the tens digit of t?
1
Suppose -3*a + 5*f + 15 = 0, 28 - 3 = 5*a - 4*f. Suppose a*j - 38 - 97 = -2*q, -4*q + 2*j = -210. What is the tens digit of q?
5
Let s be (-63)/(-12) - 8/32. Suppose -4*a = r - 3*a - s, 0 = 2*r - 5*a - 38. What is the units digit of r?
9
Let t(c) = 13*c**2 - 11*c + 85. What is the hundreds digit of t(6)?
4
Let c be (14/21)/(4/(-30)). Let o(b) = b**3 + 7*b**2 - 10*b - 3. What is the tens digit of o(c)?
9
Suppose v = 2*v, 0 = 5*l - v - 5320. What is the tens digit of l?
6
Let w = -2259 + 5396. What is the tens digit of w?
3
Suppose 3*h + 13 = 6*u - u, -h - 5*u + 29 = 0. What is the tens digit of ((-14)/(-35))/(h/310)?
3
Suppose -g = 2*n - 15, 5*n = 5*g - 57 - 63. Suppose o + 4*s = 29, -2*o - s + 16 = -g. What is the tens digit of o?
1
Let y(j) = -7 + 4*j + 237*j**3 - 2 - 238*j**3 + 7*j**2. Let k = 3 - -3. What is the tens digit of y(k)?
5
Let f = 275 + -159. Let q be (0*(-1 + 0))/(-2). Suppose 4*m + q*m = f. What is the tens digit of m?
2
Suppose -2*q - 4*y + 151 = 3*q, q - 43 = -4*y. Suppose l = 60 + q. What is the units digit of l?
7
Let k(v) = -v**3 + 2*v**2 + 12*v + 242. What is the tens digit of k(0)?
4
Let h(r) = 47*r. Let w be h(2). Suppose s - 2*z - w = 0, 0*s - 475 = -5*s + 5*z. What is the units digit of s?
6
Suppose 141*m + 42444 = 168*m. What is the tens digit of m?
7
Let h(u) = 58*u**2 - 15*u + 5. What is the hundreds digit of h(2)?
2
Let g = 53 + -23. Let z = -3 + g. Let f = z + -22. What is the units digit of f?
5
Suppose 1511 = 2*f + 4*t + 147, 5*f - 3*t = 3397. What is the tens digit of f?
8
Suppose 0 = 4*n - 5*r - 1156, -2*n - 6*r + r + 548 = 0. Suppose -140 = -o - 4*u, 2*u = 4*o - 222 - n. What is the hundreds digit of o?
1
Suppose -5*f + 19 = -3*o, o - 4 = -f + 3. Let g(u) = -2*u**3 - 24*u**2 - 22*u. Let q be g(-11). Suppose -175 = -q*i - f*i. What is the units digit of i?
5
Let a be (-43)/(-4) + 6/(-8). Let r(o) = -o**2 + 1 + 8*o**2 - o**3 + 3 + a*o - 14. What is the units digit of r(8)?
6
Let p be 0 + 1 + (-3)/(-3). Let f(m) = 2*m**2 - m - 2. Let c be f(p). Suppose 5*s - 3*w - 97 = -7*w, -3*s + c*w + 71 = 0. What is the units digit of s?
1
Let n = 3912 - 1276. What is the hundreds digit of n?
6
Suppose 0 = -3*u + 5*b + 2, -b - 46 = 5*u + 3*b. What is the tens digit of ((-2)/u)/(11/1452)?
4
Let o(k) = 2*k**3 - 2*k**2 - 10*k - 9. What is the hundreds digit of o(6)?
2
Suppose -4*z + 5*i = -36, -4*z + 0*i - 4 = 5*i. Suppose -4*w + 3*w + 5*g = -22, 4*w = z*g + 24. Suppose 29 + 21 = w*c. What is the units digit of c?
5
Let x = -8 + 8. Suppose -a - 14 - 15 = x. Let n = 0 - a. What is the tens digit of n?
2
Let q = 0 - -3. Suppose q*y - 62 = -4*j, 2*y - 115 = -3*y + 5*j. What is the tens digit of y?
2
Suppose -104*i = -93*i - 17699. What is the hundreds digit of i?
6
Suppose a + 2*i = -220, -i + 4*i + 1107 = -5*a. Let c = a - -90. What is the tens digit of (c/77)/(2/(-14))?
1
Suppose -4*t - 40 = -4*c, -c + 0*t - 8 = 5*t. Suppose 3*s - c = 8. Suppose -2*g + s = -9. What is the units digit of g?
7
Let m(j) = j - 4. Let k be m(17). Suppose 8 = -2*i - 2*q + 7*q, i + k = -2*q. What is the units digit of 6/i - 64/(-6)?
0
Suppose 6056 = 2*c + 4*u, 2*c - 8726 = 5*u - 2652. What is the thousands digit of c?
3
Let p = -61 + 115. What is the tens digit of p - (1/3)/(1/(-3))?
5
Let n be (12/(-14))/((-1)/287). Suppose 0 = -4*r + 134 + n. What is the units digit of r?
5
Let t = 2694 + -2527. What is the tens digit of t?
6
Suppose 5*m - m = 5*n - 28, 2*m - n + 20 = 0. Let x(c) be the first derivative of -3*c**2/2 - 2*c + 1. What is the units digit of x(m)?
4
Let i(l) be the second derivative of l**4/12 + 5*l**3/6 - 5*l**2/2 - 7*l. What is the tens digit of i(6)?
6
Suppose 0 = 3*y - 5*g - 26, -g + 2 = -2*y + 5*y. Suppose 0 = -3*c + 6*c - 12, -y*t + 5*c + 6 = 0. What is the units digit of t?
3
Let y be 3/(((-108)/416)/(-9)). Suppose -y = -z - 19. What is the units digit of z?
5
Suppose 0 = -3*l + 7*l - 168. Suppose -2*o + 18 = l. What is the units digit of (o/10)/((-3)/10)?
4
Let m(z) = -8*z + z**2 - 16*z + 4 + 6*z + 2*z. Suppose p - 27 = -10. What is the units digit